ee64 (base 16) in base 2?
-1011111110111001100100
-50a66 (base 12) to base 16
-19aee
What is -43415103 (base 7) in base 10?
-3718515
Convert -1532a9 (base 11) to base 5.
-30113420
76a009 (base 12) to base 5
440233104
What is 3131313310 (base 4) in base 15?
12e40d
What is 45321c (base 13) in base 16?
18f273
What is -110000001110010000100 (base 2) in base 7?
-16300615
30300302 (base 4) to base 3
2122201002
22692 (base 15) to base 13
3aab1
Convert 11ca5 (base 14) to base 2.
1010101010001001
What is -9d09 (base 15) in base 3?
-1200200200
What is -42050432 (base 6) in base 16?
-129c74
550066 (base 10) to base 15
aceb1
210041442 (base 5) to base 16
d27aa
What is 933565 (base 10) in base 16?
e3ebd
1123332 (base 6) to base 11
3a476
450052 (base 10) to base 9
755317
What is -2596678 (base 10) in base 3?
-11212220222021
What is -2113103430 (base 5) in base 11?
-2552a33
113226 (base 11) to base 4
223323303
Convert -44752 (base 16) to base 2.
-1000100011101010010
1102000021121 (base 3) to base 14
15691d
Convert 530356 (base 8) to base 9.
287832
Convert 12002020100 (base 3) to base 12.
49a90
What is 1012211002012 (base 3) in base 8?
2355501
50f96 (base 16) to base 5
41103140
-3e7523 (base 15) to base 6
-144314510
Convert -14253265 (base 7) to base 2.
-101000111011000000100
Convert -1214987 (base 10) to base 15.
-18eee2
What is 6cb95d (base 14) in base 8?
16141437
-11101012010111 (base 3) to base 6
-121510021
Convert 2211014304 (base 5) to base 12.
172775a
Convert -1730812 (base 9) to base 5.
-221341001
-1010010100110 (base 3) to base 7
-5016444
Convert -4667 (base 12) to base 4.
-1322233
What is -21200212211210 (base 3) in base 2?
-1111100110111101110011
What is -353241 (base 6) in base 4?
-13131121
Convert 2473321 (base 8) to base 13.
1b01b1
What is -199489 (base 12) in base 7?
-3560610
Convert 13232311101 (base 4) to base 2.
111101110110101010001
What is 10491 (base 15) in base 10?
51661
Convert -5263993 (base 12) to base 16.
-ed67bf
Convert 1215014 (base 8) to base 9.
558567
11166363 (base 7) to base 5
222142110
What is -25414455 (base 6) in base 8?
-3116343
-430015 (base 7) to base 6
-1332351
What is 1176172 (base 8) in base 13?
b597a
11104433 (base 5) to base 16
17cd5
What is -100010101111111010101 (base 2) in base 14?
-218d5b
Convert 2131426 (base 8) to base 12.
235b32
What is 110231221 (base 4) in base 5?
10203331
What is 398122 (base 11) in base 8?
2306063
What is -6615105 (base 8) in base 15?
-251432
Convert -252a92 (base 13) to base 5.
-212012334
-122212003 (base 5) to base 4
-2032320211
Convert -986d75 (base 15) to base 6.
-415355232
-104244542 (base 6) to base 11
-107a576
3f7cc (base 16) to base 3
111012201021
-ddde7d (base 15) to base 4
-220112103313
c6549 (base 14) to base 13
139a4a
What is -2376e (base 15) in base 9?
-182065
What is -53414035 (base 6) in base 15?
-2110c5
Convert -409214 (base 11) to base 4.
-2200100320
Convert -176210 (base 8) to base 3.
-10021200101
What is -a3618 (base 12) in base 7?
-1546145
What is -184241 (base 14) in base 4?
-3101020001
-88154 (base 10) to base 15
-1b1be
What is -10404324 (base 5) in base 8?
-262116
What is 2677b (base 12) in base 4?
30323033
Convert 120022110002222 (base 3) to base 10.
8137907
-354038 (base 9) to base 11
-135a59
Convert -12080 (base 16) to base 10.
-73856
What is -7c000 (base 13) in base 8?
-671763
What is 24328 (base 12) in base 9?
74005
What is 6167e (base 15) in base 5?
34333334
Convert 40868 (base 14) to base 15.
3104e
Convert 2222011210011 (base 3) to base 12.
641327
What is -643601 (base 7) in base 5?
-12034040
Convert 4076b5 (base 12) to base 10.
1008425
Convert 3115313 (base 8) to base 5.
202413214
What is -5456324 (base 8) in base 16?
-165cd4
What is 1a95a7 (base 11) in base 10?
320162
Convert -b90a8 (base 15) to base 6.
-20331252
Convert -7030029 (base 10) to base 3.
-111020011101110
Convert 638291 (base 15) to base 3.
22220121011201
Convert 738b63 (base 13) to base 2.
1010010100001101111010
-1100122201122 (base 3) to base 14
-14ad27
What is -201444551 (base 6) in base 8?
-15105063
100010111001101000111010 (base 2) to base 13
1b84402
-2213133001 (base 4) to base 9
-1255031
Convert -3c5687 (base 16) to base 12.
-13a845b
Convert -571421 (base 9) to base 5.
-41422434
Convert 222330323 (base 4) to base 11.
1101a8
191576 (base 10) to base 4
232301120
Convert 10010100010101011 (base 2) to base 12.
37b4b
1021102012 (base 3) to base 9
37365
What is 255840 (base 10) in base 5?
31141330
What is 3a2906 (base 11) in base 8?
2324750
415263 (base 9) to base 11
159321
47651 (base 10) to base 4
23220203
What is -527507 (base 8) in base 13?
-62111
What is -363703 (base 12) in base 8?
-3261063
6247 (base 15) to base 5
1131032
Convert 225a72 (base 16) to base 2.
1000100101101001110010
What is -5746466 (base 8) in base 10?
-1559862
Convert -22503320 (base 6) to base 8.
-2511140
Convert -103200131 (base 4) to base 16.
-1381d
Convert 32444341 (base 5) to base 7.
2250613
What is -1414244131 (base 5) in base 7?
-43104465
What is -616622 (base 7) in base 12?
-5114b
11200010122 (base 4) to base 2
101100000000100011010
Convert -100110010001000010001 (base 2) to base 11.
-787094
Convert -526570 (base 8) to base 16.
-2ad78
-583225 (base 9) to base 6
-11300505
What is 2133204 (base 5) in base 12?
19287
Convert -110503353 (base 6) to base 7.
-22664430
What is -11300 (base 16) in base 9?
-116512
Convert -11111100110111010100110 (base 2) to base 6.
-453332250
-2a27763 (base 13) to base 6
-1200023401
-23002303223 (base 4) to base 12
-b7748b
What is -5279951 (base 10) in base 5?
-2322424301
Convert -1206014 (base 7) to base 11.
-a5223
What is -111030032 (base 5) in base 10?
-486267
What is -102120012122100 (base 3) in base 9?
-12505570
928106 (base 13) to base 16
3421be
Convert -15400301 (base 8) to base 3.
-20122210210011
What is 12112550 (base 8) in base 14?
4d33ba
Convert -2022020001211 (base 3) to base 2.
-100101011000001000001
Convert -2743206 (base 9) to base 10.
-1504824
Convert -2021121210011 (base 3) to base 9.
-2247704
Convert -10101111111101000111011 (base 2) to base 10.
-5765691
What is -6a382 (base 15) in base 2?
-1010010100101111001
-23106 (base 10) to base 3
-1011200210
Convert -3123022441 (base 5) to base 8.
-30476732
1a513 (base 16) to base 5
11422140
What is -43132434 (base 5) in base 14?
-96cd2
What is -61b62 (base 16) in base 3?
-202100000012
-54570666 (base 8) to base 11
-668a97a
-655e3 (base 16) to base 8
-1452743
-41212133 (base 5) to base 8
-1216675
What is 83258 (base 11) in base 12?
5a32a
Convert 506462 (base 8) to base 14.
44d22
What is 494257 (base 11) in base 12?
318395
Convert 22413553 (base 6) to base 13.
1b05a6
What is -272216 (base 8) in base 6?
-2013314
51982 (base 10) to base 8
145416
Convert -1012011321200 (base 4) to base 14.
-262421a
What is 78661 (base 10) in base 7?
445222
Convert -2232343324 (base 5) to base 3.
-100100021100002
-21d23 (base 15) to base 11
-73913
-15a071 (base 12) to base 10
-369877
-207489 (base 10) to base 3
-101112121210
Convert 28687 (base 12) to base 4.
31233013
-2288628 (base 10) to base 5
-1041214003
Convert -2b6a4 (base 16) to base 12.
-86ab0
What is -144db9 (base 15) in base 13?
-2834a3
Convert 23535100 (base 6) to base 10.
743724
Convert -2236315 (base 7) to base 15.
-57707
100583 (base 9) to base 15
12989
-1228 (base 15) to base 8
-7427
-33024304 (base 6) to base 11
-61188a
Convert 1125080 (base 9) to base 8.
2242141
Convert dbc01 (base 14) to base 16.
81de9
Convert -2214130 (base 7) to base 13.
-971c2
-233010100 (base 5) to base 2
-100000011100011101110
1011220000122 (base 3) to base 10
627686
Convert -15005456 (base 7) to base 5.
-330214430
-4263141 (base 7) to base 8
-1767053
What is -697296 (base 10) in base 2?
-10101010001111010000
Convert -540693 (base 10) to base 3.
-1000110200200
Convert 18b2273 (base 14) to base 15.
1122be0
-237358 (base 12) to base 7
-4603001
What is -55b9 (base 16) in base 9?
-33083
What is -3202002102 (base 4) in base 8?
-3420222
What is -464444 (base 10) in base 8?
-1613074
11010000001011011 (base 2) to base 11
73098
Convert 23057 (base 10) to base 6.
254425
222230301021 (base 4) to base 2
101010101100110001001001
-2013132122 (base 4) to base 14
-106322
Convert 6253133 (base 8) to base 7.
20054062
Convert -7